{"id":139,"date":"2024-08-07T08:09:28","date_gmt":"2024-08-07T08:09:28","guid":{"rendered":"https:\/\/kaisamedien.de\/?page_id=139"},"modified":"2024-08-07T08:09:28","modified_gmt":"2024-08-07T08:09:28","slug":"impressum","status":"publish","type":"page","link":"https:\/\/kaisamedien.de\/?page_id=139","title":{"rendered":"IMPRESSUM"},"content":{"rendered":"<p>[et_pb_section fb_built=&#8220;1&#8243; theme_builder_area=&#8220;post_content&#8220; _builder_version=&#8220;4.27.0&#8243; _module_preset=&#8220;default&#8220;][et_pb_row _builder_version=&#8220;4.27.0&#8243; _module_preset=&#8220;default&#8220; theme_builder_area=&#8220;post_content&#8220;][et_pb_column _builder_version=&#8220;4.27.0&#8243; _module_preset=&#8220;default&#8220; type=&#8220;4_4&#8243; theme_builder_area=&#8220;post_content&#8220;][et_pb_text _builder_version=&#8220;4.27.0&#8243; _module_preset=&#8220;default&#8220; theme_builder_area=&#8220;post_content&#8220; hover_enabled=&#8220;0&#8243; sticky_enabled=&#8220;0&#8243;]<\/p>\n<h1><span>IMPRESSUM<\/span><\/h1>\n<p>&nbsp;<\/p>\n<p><span>Inhaber:\u00a0<\/span><br \/><span>Josef Saum<\/span><br \/><span>Im Steinbr\u00fcchle 3<\/span><br \/><span>73441 Bopfingen<\/span><br \/><span>Email: j.saum@kaisa-medien.de<\/span><br \/><span>Website: www.kaisa-medien.de<\/span><\/p>\n<p><span>Umsatzsteuer-Identifikationsnummer gem\u00e4\u00df \u00a7 27a Umsatzsteuergesetz: DE 86 594 376 207<\/span><br \/><span>Inhaltlich Verantwortlicher gem\u00e4\u00df \u00a7 55 Abs. 2 RStV: Josef Saum (Anschrift wie oben).<\/span><\/p>\n<p><span>HAFTUNGSHINWEIS<\/span><span><\/span><br \/><span>Trotz sorgf\u00e4ltiger inhaltlicher Kontrolle \u00fcbernehmen wir keine Haftung f\u00fcr die Inhalte externer Links. F\u00fcr den Inhalt der verlinkten Seiten sind ausschlie\u00dflich deren Betreiber verantwortlich.<\/span><\/p>\n<p><span>COPYRIGHTS<\/span><span><\/span><br \/><span>Alle auf dieser Website genannten Produktnamen, Produktbezeichnungen und Logos sind eingetragene Warenzeichen und Eigentum der jeweiligen Rechteinhaber. Das Design, Fotos, Grafiken und Inhalte sind unser geistiges Eigentum, soweit nicht einzelne Inhalte dem Copyright Dritter unterliegen. Bei der Wiedergabe fremder Inhalte liegt eine Genehmigung der jeweiligen Inhaber vor, sofern nicht eine generelle Genehmigung vorliegt. \u00dcbernahme der von uns erstellten Grafiken, und Teilen des Designs nur mit vorheriger schriftlicher Genehmigung.<\/span><\/p>\n<p><span>UMSETZUNG<\/span><span><\/span><br \/><a href=\"https:\/\/dh-mediendesign.de\/\" target=\"_blank\" rel=\"noopener\"><span>Daniela Hoffmann | DH mediendesign<\/span><\/a><\/p>\n<p>[\/et_pb_text][\/et_pb_column][\/et_pb_row][\/et_pb_section]<\/p>\n","protected":false},"excerpt":{"rendered":"<p>IMPRESSUM &nbsp; Inhaber:\u00a0Josef SaumIm Steinbr\u00fcchle 373441 BopfingenEmail: j.saum@kaisa-medien.deWebsite: www.kaisa-medien.de Umsatzsteuer-Identifikationsnummer gem\u00e4\u00df \u00a7 27a Umsatzsteuergesetz: DE 86 594 376 207Inhaltlich Verantwortlicher gem\u00e4\u00df \u00a7 55 Abs. 2 RStV: Josef Saum (Anschrift wie oben). HAFTUNGSHINWEISTrotz sorgf\u00e4ltiger inhaltlicher Kontrolle \u00fcbernehmen wir keine Haftung f\u00fcr die Inhalte externer Links. F\u00fcr den Inhalt der verlinkten Seiten sind ausschlie\u00dflich deren Betreiber verantwortlich. [&hellip;]<\/p>\n","protected":false},"author":1,"featured_media":0,"parent":0,"menu_order":0,"comment_status":"closed","ping_status":"closed","template":"","meta":{"_et_pb_use_builder":"on","_et_pb_old_content":"","_et_gb_content_width":"","footnotes":""},"class_list":["post-139","page","type-page","status-publish","hentry"],"_links":{"self":[{"href":"https:\/\/kaisamedien.de\/index.php?rest_route=\/wp\/v2\/pages\/139","targetHints":{"allow":["GET"]}}],"collection":[{"href":"https:\/\/kaisamedien.de\/index.php?rest_route=\/wp\/v2\/pages"}],"about":[{"href":"https:\/\/kaisamedien.de\/index.php?rest_route=\/wp\/v2\/types\/page"}],"author":[{"embeddable":true,"href":"https:\/\/kaisamedien.de\/index.php?rest_route=\/wp\/v2\/users\/1"}],"replies":[{"embeddable":true,"href":"https:\/\/kaisamedien.de\/index.php?rest_route=%2Fwp%2Fv2%2Fcomments&post=139"}],"version-history":[{"count":2,"href":"https:\/\/kaisamedien.de\/index.php?rest_route=\/wp\/v2\/pages\/139\/revisions"}],"predecessor-version":[{"id":142,"href":"https:\/\/kaisamedien.de\/index.php?rest_route=\/wp\/v2\/pages\/139\/revisions\/142"}],"wp:attachment":[{"href":"https:\/\/kaisamedien.de\/index.php?rest_route=%2Fwp%2Fv2%2Fmedia&parent=139"}],"curies":[{"name":"wp","href":"https:\/\/api.w.org\/{rel}","templated":true}]}}